 118. Suppose -5*o + 4*f + l = 0, -4*o + 5*f + 9 = -13. Is o composite?
False
Let w = 288 + -140. Suppose w + 119 = 3*r. Is r composite?
False
Let o(c) = -86*c + 11. Is o(-4) prime?
False
Let t = -7 + 7. Suppose -3*q + t*q + 57 = 0. Is q a prime number?
True
Let u = -253 + 411. Is u a prime number?
False
Suppose -2*o + 4*j = 29 - 9, 16 = -2*o + 2*j. Let y(l) = 52*l - 6. Let v be y(o). Is (4 - 2) + v/(-2) composite?
True
Let s(m) = -14*m**2 + 25*m - 43. Let b(n) = -5*n**2 + 8*n - 14. Let j(t) = 8*b(t) - 3*s(t). Is j(7) a prime number?
False
Suppose 0 = 3*v, -2*m - 12 = -5*m - v. Suppose -152 = 2*i - m*i. Suppose i = 2*d + 3*c + 14, 0 = d + 2*c - 30. Is d a prime number?
False
Let x be ((-3)/(-3))/(2/106). Suppose -p = -x - 26. Is p composite?
False
Let j = -12 - -21. Let p(d) = -d**3 + 10*d**2 - 8*d - 5. Let v be p(j). Suppose 13 = v*a - 119. Is a composite?
True
Suppose -2345 = -5*t + 2*n, 1763 = 4*t + 2*n - 95. Is t composite?
False
Suppose -2*x + 971 = -1163. Is x a prime number?
False
Suppose 0 = 12*x - 2 - 22. Suppose -5*m = -5, 5*w + 3*m - 263 + 45 = 0. Suppose w = j + 2*k, j - 2*k - 53 + x = 0. Is j a composite number?
False
Let v(w) = 9*w + 0 + 0 - 23*w - 3. Let j be -5 + -8 + 3 + 2. Is v(j) a prime number?
True
Suppose -2*q = 2*m - 1096, -5*m - 1346 = -2*q - 229. Is q prime?
False
Let j = -7 + 15. Suppose -2*h = 2*g + j, -3 = 3*h - g - 7. Let z = 2 + h. Is z a composite number?
False
Suppose -2*o - 3*f + 10518 = 0, -5*o = 4*f - 21588 - 4707. Is o a prime number?
False
Let p = -6 + 63. Suppose 3*d = 171 - p. Is d a composite number?
True
Let x(s) = 157*s**3 - 5*s**2 + 4*s - 5. Is x(3) a prime number?
True
Let s(r) = -2226*r - 11. Is s(-2) prime?
True
Suppose 3*r - 1 = 2*r. Suppose -4*a = -4*x + 20, -r - 4 = -x. Suppose 53 = 5*d + 2*j - 212, -4*d + 3*j + 235 = a. Is d a prime number?
False
Suppose -3*h = 4*r + 2*h - 1314, -3*r + 987 = 3*h. Is r a prime number?
True
Let m(o) be the second derivative of -o**5/20 - 7*o**4/12 - o**3/2 - 5*o**2 - 3*o. Is m(-7) prime?
True
Suppose -24 - 6 = -o. Suppose -2*c + 5*c - o = 0. Suppose -c = -z + 21. Is z prime?
True
Suppose 3*k - 6*k = -2*s - 483, -2*k + 317 = -3*s. Suppose 5*m + 152 = 5*t - k, 3*m = 12. Is t composite?
False
Suppose 4*m + 8 = 20. Suppose 2*t - 12 = 4*f, 5*t - m*f = -2*f + 3. Suppose -l - 3*l + 212 = t. Is l a prime number?
True
Suppose -2*w = -w + 7. Let f = w + 22. Is f prime?
False
Let c(t) = -7*t - 4. Let h be c(-3). Let n = h + 20. Is n composite?
False
Let t = 53 + -2. Is t composite?
True
Let n be 0*(3 + -1 - 1). Let o be 1*(-1 - (n - 2)). Is o + (2 - 8*-4) prime?
False
Let y be (-3)/5 - 2766/(-10). Suppose 2*v = 694 - y. Is v composite?
True
Let f be (1 + -1)/(2 - 0). Suppose v - c - 719 = 0, f = -v + 6*c - 2*c + 725. Is v prime?
False
Let z = 429 - 164. Suppose 3*i + 2*a = 108 + z, 3*i - 393 = 3*a. Is i a composite number?
False
Suppose 0 = -5*q - 4*k + 80, -q + 80 = 4*q - 5*k. Suppose 5*g + 5*c - 44 = q, -g + 24 = 4*c. Let v = g - -51. Is v composite?
False
Let y be 13/3*(2 - -1). Suppose -r - 4*s - y = 0, -3*s - 11 = -4*r + 2*s. Let x = 37 - r. Is x composite?
True
Let z = -8 + 13. Is (-6)/(-15) - (-263)/z composite?
False
Let l = 8 + -5. Let t(f) = 3*f**2 - 1 + 3*f - f**l + f - 4*f**2. Is t(-5) composite?
False
Suppose -2*t = -111 - 63. Suppose 0 = 3*z - 3*j, 5*j + 37 - t = -5*z. Suppose -2*w + 6*w = l + 208, z*l = w - 33. Is w a composite number?
False
Suppose -g + 298 = g. Is g composite?
False
Let d = 5 - 3. Suppose -3*t = 3, -d*y + 1 + 4 = t. Suppose 0 = z + y - 40. Is z prime?
True
Suppose 0*o + o = 97. Is o a composite number?
False
Suppose -24 = -0*v - 3*v. Let z(j) = 9*j**2 - 2 + 12*j - j + 5 - j**3. Is z(v) prime?
False
Suppose -4*q = -34 - 46. Suppose 5 - q = 3*p. Let l(o) = -4*o + 3. Is l(p) prime?
True
Suppose -2*z + 5*b + 75 = 0, -5*z + 3*b - 2 = -237. Suppose 3*x - 8*x - z = 0. Is 970/6 + x/15 prime?
False
Let b be (-3)/(-7) + 368/56. Suppose -26 + b = -o. Is o a composite number?
False
Is 128 + -2*3/6 a prime number?
True
Let d(k) = k - k**2 + 1 + 11*k + 4. Let n(y) = 11*y + 5. Let w(x) = -3*d(x) + 4*n(x). Is w(-8) composite?
True
Suppose 7 = 2*l - 21. Let c = 69 - l. Is c a prime number?
False
Let v = 8 + 7. Let w = 87 - v. Let k = -33 + w. Is k a prime number?
False
Let d = 2554 - 1397. Is d prime?
False
Let i = 325 + 1392. Is i composite?
True
Let y = -1368 + 3215. Is y a composite number?
False
Let o(x) be the third derivative of -x**5/60 - 5*x**4/24 - x**3 + 3*x**2. Let k be o(-4). Is (k - -27)*(-2 + 3) composite?
True
Let p(m) = -m**3 - 3*m**2 - 3*m - 4. Let x be p(-3). Suppose -10 = -x*n + 445. Is n composite?
True
Let l be 2 - 1 - (-31 + -7). Let d = 48 + l. Is d prime?
False
Suppose 7*v - 46196 = -4*a + 9*v, -a - 4*v + 11549 = 0. Is a prime?
True
Suppose 4*z - h - 12 = 0, -4 = 3*z - 5*z + h. Let x(s) = 2*s**2 - 3*s + 1. Is x(z) composite?
True
Let r = -331 + 582. Is r a prime number?
True
Let p be -1*1*(5 - 8). Suppose p*v - 651 = -0*v. Is v prime?
False
Let u(z) = 4*z**3 + 2*z**2 - z. Let r be u(1). Suppose -3*l - 4*o = 3, r*l + 5*o = 4*l + 10. Is (-162)/(-1) - (4 + l) a composite number?
False
Suppose 5*p - 54 = 4*x, 0 = -3*x - 2 - 1. Is p a composite number?
True
Suppose 3*c = 2*c - 346. Suppose 2*y - 5*j + 24 + 999 = 0, -2*j + 2 = 0. Let q = c - y. Is q prime?
True
Let m(y) = 52*y**2 + 6*y + 1. Is m(3) prime?
True
Suppose 0*m - 4*o - 4 = -2*m, -o = -1. Is 2 + m/1*18 prime?
False
Let u = 4 + -4. Suppose u = 5*s - 325 - 380. Is s composite?
True
Let s = 45 - 55. Let c(p) = p**2 - 3*p - 3. Let i be c(6). Let o = i - s. Is o prime?
False
Let r = 124 - -148. Suppose 0 = -5*h + 3*c + 278, r = h + 4*h + 3*c. Is h composite?
True
Let c(j) = -j**2 + 0 + 46 + j - 2*j. Let z be c(0). Let u = z + -27. Is u a composite number?
False
Let l(o) = -41*o - 3. Let x = 7 + -11. Is l(x) a composite number?
True
Is -1*(0 - -1)*(9 + -827) composite?
True
Let i(b) = 21*b**2 - 1. Let z be i(-3). Suppose -4*c + 4*d = 752, 0*c + 5*d + z = -c. Is (c/(-6))/(2/3) composite?
False
Suppose 0 = -5*q - t + 41, -37 = -4*q + 2*t - 7. Let n = 10 - q. Suppose -u = n*m - 64, 33 = 2*m - m + u. Is m prime?
True
Suppose -7 = r - 0. Let n = r + -31. Is (n/(-3))/((-4)/(-6)) a prime number?
True
Suppose 2*g = -g. Suppose g = -u + 32 + 67. Suppose 2*h - 15 = -h, 4*k - u = 5*h. Is k composite?
False
Suppose 8732 = 4*p - 0*p. Is p a prime number?
False
Let j = 250 - -7. Is j composite?
False
Let r(z) = z**2 - 4*z - 5. Let i be r(-7). Let t = 47 + i. Is t prime?
False
Let q(i) = -i**2 + i - 1. Let u be q(2). Let a be 4 - (2 + u)*0. Suppose -a*x - 14 = -58. Is x composite?
False
Is (-27)/9 + 93 + -1 composite?
False
Suppose 0 = -4*q - 11 + 3. Let z be ((-1)/q)/((-2)/(-8)). Suppose z*x - 110 = -0*x. Is x composite?
True
Let f(t) be the third derivative of -39*t**6/40 + t**5/30 - t**3/6 - 2*t**2. Is f(-1) a prime number?
False
Let j(m) = m**2 - 7*m + 9. Let i be j(6). Suppose 0 = a - i*a + 4. Is -1*a + 0 + 49 composite?
False
Suppose -2*j - 2*j + 389 = r, -2*r = -4*j + 374. Suppose 4*x - 678 = 62. Let o = x - j. Is o prime?
True
Let x(i) be the third derivative of i**6/120 + i**5/30 - 5*i**4/24 + 5*i**3/6 - 2*i**2. Is x(6) prime?
True
Let s = 174 + 1225. Is s a composite number?
False
Let d = -225 + 1234. Is d a prime number?
True
Suppose -126 = 3*d - 5*t, d + 2*t = -0*d - 53. Let s = 86 + d. Is s composite?
True
Let m(n) = -n**3 - n - 11. Let a be m(0). Let y = -35 + a. Let w = y + 83. Is w a composite number?
False
Let n = 8 + -3. Suppose 0 = -h - 4*h - 4*k + 14, 0 = 4*h + 5*k - 13. Suppose 0 = -5*j + 10, 2*v + h*v - n*j = 266. Is v a composite number?
True
Let k be (2 + -1 - 0) + 265. Suppose 5*p + k = 3*a + 3*p, 5*a + 4*p = 480. Suppose -6*j + 2*j = -4*o - a, 0 = -2*j - 4*o + 58. Is j a prime number?
False
Let s(r) = 3*r**3 + 3*r**2 + 7*r - 2. Let g(c) = -2*c**3 - 4*c**2 - 6*c + 2. Let d(j) = -4*g(j) - 3*s(j). Is d(7) a prime number?
True
Let m(l) = 14*l**2 + 2. Let x be m(3). Suppose 202 = 2*t - x. Let o = t + -98. Is o prime?
True
Is 704/6 - (-24)/36 a composite number?
True
Suppose -3216 = -2*v + 1254. Suppose -4463 = -4*o + q, -3*o + 3*q - v = -5*o. Suppose 0 = -3*i + o - 111. Is i a composite number?
True
Let q(d) = -7*d + 11. Is q(-8) composite?
False
Let p(w) = -3*w**2 + 3*w. Le